

{"id":5,"date":"2016-06-27T08:27:00","date_gmt":"2016-06-27T07:27:00","guid":{"rendered":"http:\/\/serviskomunalni.cz\/?page_id=5"},"modified":"2026-01-11T17:05:06","modified_gmt":"2026-01-11T16:05:06","slug":"uvod","status":"publish","type":"page","link":"https:\/\/serviskomunalni.cz\/","title":{"rendered":"\u00davod"},"content":{"rendered":"<div class=\"wp-block-image\">\n<figure class=\"aligncenter is-resized\"><a href=\"https:\/\/serviskomunalni.cz\/?attachment_id=3592\"><img loading=\"lazy\" decoding=\"async\" width=\"537\" height=\"156\" src=\"https:\/\/serviskomunalni.cz\/wp-content\/uploads\/2021\/10\/poz\u016fstalost.png\" alt=\"\" class=\"wp-image-3593\" style=\"width:584px;height:170px\" srcset=\"https:\/\/serviskomunalni.cz\/wp-content\/uploads\/2021\/10\/poz\u016fstalost.png 537w, https:\/\/serviskomunalni.cz\/wp-content\/uploads\/2021\/10\/poz\u016fstalost-300x87.png 300w\" sizes=\"auto, (max-width: 537px) 100vw, 537px\" \/><\/a><\/figure>\n<\/div>\n\n<p style=\"text-align: justify;\"><big>Celoro\u010dn\u011b se zab\u00fdv\u00e1me \u0161irok\u00fdm spektrem prac\u00ed v oblasti komun\u00e1ln\u00edch slu\u017eeb. Na trhu p\u016fsob\u00edme u\u017e od <strong>roku 2005<\/strong>. Disponujeme kvalitn\u00ed a prov\u011b\u0159enou komun\u00e1ln\u00ed technikou. Nab\u00eddku slu\u017eeb naleznete v menu na\u0161ich str\u00e1nek vpravo. Dlouhodob\u011b tak\u00e9 spolupracujeme s dodavateli a specialisty v odv\u011btv\u00ed zem\u011bd\u011blsk\u00e9m, lesnick\u00e9m a stava\u0159sk\u00e9m.<\/big><\/p>\n<p style=\"text-align: justify;\"><big>Pracujeme v Opav\u011b, Ostrav\u011b, Fr\u00fddku M\u00edstku, Nov\u00e9m Ji\u010d\u00edn\u011b, Brunt\u00e1le, Hav\u00ed\u0159ov\u011b, T\u0159inci, \u010cesk\u00e9m T\u011b\u0161\u00edn\u011b a dal\u0161\u00edch m\u00edstech Moravskoslezsk\u00e9ho kraje.<\/big><\/p>\n<p style=\"text-align: justify;\"><big>S\u00eddl\u00edme na ulici B. N\u011bmcov\u00e9 47 ve <a href=\"https:\/\/serviskomunalni.cz\/?page_id=111\">Star\u00e9 koteln\u011b v Opav\u011b.<\/a><\/big><\/p>\n<p style=\"text-align: justify;\"><big>Mezi na\u0161e klienty pat\u0159\u00ed <strong>firmy, soukrom\u00e9 osoby, SVJ<\/strong>. Pom\u00e1h\u00e1me tak\u00e9 p\u0159i ka\u017edodenn\u00edch pracech <strong>senior\u016fm<\/strong>, pro kter\u00e9 jsme schopni poskytnout <strong>speci\u00e1ln\u00ed ceny<\/strong> slu\u017eeb.<br \/><\/big><\/p>\n<p style=\"text-align: justify;\"><big>Pracujeme od jara a\u017e do zimy 24 hodin denn\u011b!<br \/><\/big><\/p>\n<p><iframe loading=\"lazy\" style=\"border: none; overflow: hidden;\" src=\"https:\/\/www.facebook.com\/plugins\/like.php?href=https%3A%2F%2Fwww.facebook.com%2Fkservisopava&amp;width=500&amp;layout=standard&amp;action=like&amp;show_faces=true&amp;share=true&amp;height=80&amp;appId\" width=\"500\" height=\"80\" frameborder=\"0\" scrolling=\"no\"><\/iframe><\/p>\n<p><a href=\"https:\/\/serviskomunalni.cz\/wp-content\/uploads\/2017\/08\/servis22-e1503395556103.png\"><img loading=\"lazy\" decoding=\"async\" class=\"aligncenter wp-image-301\" src=\"https:\/\/serviskomunalni.cz\/wp-content\/uploads\/2017\/08\/servis22-e1503395556103.png\" alt=\"servis22\" width=\"751\" height=\"591\" \/><\/a><\/p>","protected":false},"excerpt":{"rendered":"<p>Celoro\u010dn\u011b se zab\u00fdv\u00e1me \u0161irok\u00fdm spektrem prac\u00ed v oblasti komun\u00e1ln\u00edch slu\u017eeb. Na trhu p\u016fsob\u00edme u\u017e od roku 2005. Disponujeme kvalitn\u00ed a prov\u011b\u0159enou komun\u00e1ln\u00ed technikou. Nab\u00eddku slu\u017eeb naleznete v menu na\u0161ich str\u00e1nek vpravo. Dlouhodob\u011b tak\u00e9 spolupracujeme s dodavateli a specialisty v odv\u011btv\u00ed zem\u011bd\u011blsk\u00e9m, lesnick\u00e9m a stava\u0159sk\u00e9m. Pracujeme v Opav\u011b, Ostrav\u011b, Fr\u00fddku M\u00edstku, Nov\u00e9m Ji\u010d\u00edn\u011b, Brunt\u00e1le, Hav\u00ed\u0159ov\u011b, T\u0159inci, &hellip;<br \/><a href=\"https:\/\/serviskomunalni.cz\/\" class=\"more-link pen_button pen_element_default pen_icon_arrow_double\">Pokra\u010dovat ve\u00a0\u010dten\u00ed <span class=\"screen-reader-text\">\u00davod<\/span><\/a><\/p>\n","protected":false},"author":1,"featured_media":0,"parent":0,"menu_order":0,"comment_status":"closed","ping_status":"open","template":"","meta":{"footnotes":""},"class_list":["post-5","page","type-page","status-publish","hentry"],"_links":{"self":[{"href":"https:\/\/serviskomunalni.cz\/index.php?rest_route=\/wp\/v2\/pages\/5","targetHints":{"allow":["GET"]}}],"collection":[{"href":"https:\/\/serviskomunalni.cz\/index.php?rest_route=\/wp\/v2\/pages"}],"about":[{"href":"https:\/\/serviskomunalni.cz\/index.php?rest_route=\/wp\/v2\/types\/page"}],"author":[{"embeddable":true,"href":"https:\/\/serviskomunalni.cz\/index.php?rest_route=\/wp\/v2\/users\/1"}],"replies":[{"embeddable":true,"href":"https:\/\/serviskomunalni.cz\/index.php?rest_route=%2Fwp%2Fv2%2Fcomments&post=5"}],"version-history":[{"count":54,"href":"https:\/\/serviskomunalni.cz\/index.php?rest_route=\/wp\/v2\/pages\/5\/revisions"}],"predecessor-version":[{"id":20687,"href":"https:\/\/serviskomunalni.cz\/index.php?rest_route=\/wp\/v2\/pages\/5\/revisions\/20687"}],"wp:attachment":[{"href":"https:\/\/serviskomunalni.cz\/index.php?rest_route=%2Fwp%2Fv2%2Fmedia&parent=5"}],"curies":[{"name":"wp","href":"https:\/\/api.w.org\/{rel}","templated":true}]}}