

{"id":41,"date":"2016-06-27T20:06:15","date_gmt":"2016-06-27T19:06:15","guid":{"rendered":"http:\/\/serviskomunalni.cz\/?page_id=41"},"modified":"2026-01-11T17:19:26","modified_gmt":"2026-01-11T16:19:26","slug":"kontakt","status":"publish","type":"page","link":"https:\/\/serviskomunalni.cz\/?page_id=41","title":{"rendered":"Kontakt"},"content":{"rendered":"\n<p class=\"has-large-font-size\"><strong>Telefon: +420 602 504 964<\/strong>  <\/p>\n\n\n\n<p style=\"font-size:35px\">David Slavata                 <\/p>\n\n\n\n<p class=\"has-medium-font-size\">Star\u00e1 kotelna &#8211; Komun\u00e1ln\u00ed servis pro v\u0161echny<\/p>\n\n\n\n<p class=\"has-medium-font-size\">Bo\u017eeny N\u011bmcov\u00e9 47<\/p>\n\n\n\n<p class=\"has-medium-font-size\">74501 Opava<\/p>\n\n\n\n<p class=\"has-medium-font-size\"> komunalniservis@email.cz <\/p>\n\n\n\n<p class=\"has-medium-font-size\">I\u010d:69585334<\/p>\n\n\n\n<p class=\"has-medium-font-size\">Di\u010d:7204075472<\/p>\n\n\n\n<p>Um\u00edst\u011bn\u00ed na map\u011b (jedn\u00e1 se o are\u00e1l bez \u010d.p.\/\u010d.e., kter\u00fd se nach\u00e1z\u00ed hned vedle domu B. N\u011bmcov\u00e9 47, Opava):<\/p>\n\n\n\n<p><br>\u00a0<\/p>\n\n\n\n<iframe src=\"https:\/\/www.google.com\/maps\/embed?pb=!1m18!1m12!1m3!1d945.4967071322375!2d17.912205658146362!3d49.930993279376594!2m3!1f0!2f0!3f0!3m2!1i1024!2i768!4f13.1!3m3!1m2!1s0x4713d868393bb8b9%3A0x8d183e66093aa891!2zS29tdW7DoWxuw60gc2Vydmlz!5e1!3m2!1scs!2scz!4v1761155156836!5m2!1scs!2scz\" width=\"600\" height=\"450\" style=\"border:0;\" allowfullscreen=\"\" loading=\"lazy\" referrerpolicy=\"no-referrer-when-downgrade\"><\/iframe>\n\n\n<\/p>\n<p><a href=\"https:\/\/serviskomunalni.cz\/wp-content\/uploads\/2018\/12\/Kotelna.jpg\"><img loading=\"lazy\" decoding=\"async\" class=\"alignnone size-full wp-image-1223\" src=\"https:\/\/serviskomunalni.cz\/wp-content\/uploads\/2018\/12\/Kotelna.jpg\" alt=\"Kotelna\" width=\"600\" height=\"394\" srcset=\"https:\/\/serviskomunalni.cz\/wp-content\/uploads\/2018\/12\/Kotelna.jpg 600w, https:\/\/serviskomunalni.cz\/wp-content\/uploads\/2018\/12\/Kotelna-300x197.jpg 300w\" sizes=\"auto, (max-width: 600px) 100vw, 600px\" \/><\/a><\/p>","protected":false},"excerpt":{"rendered":"<p>Telefon: +420 602 504 964 David Slavata Star\u00e1 kotelna &#8211; Komun\u00e1ln\u00ed servis pro v\u0161echny Bo\u017eeny N\u011bmcov\u00e9 47 74501 Opava komunalniservis@email.cz I\u010d:69585334 Di\u010d:7204075472 Um\u00edst\u011bn\u00ed na map\u011b (jedn\u00e1 se o are\u00e1l bez \u010d.p.\/\u010d.e., kter\u00fd se nach\u00e1z\u00ed hned vedle domu B. N\u011bmcov\u00e9 47, Opava): \u00a0<\/p>\n","protected":false},"author":1,"featured_media":0,"parent":0,"menu_order":0,"comment_status":"closed","ping_status":"closed","template":"","meta":{"footnotes":""},"class_list":["post-41","page","type-page","status-publish","hentry"],"_links":{"self":[{"href":"https:\/\/serviskomunalni.cz\/index.php?rest_route=\/wp\/v2\/pages\/41","targetHints":{"allow":["GET"]}}],"collection":[{"href":"https:\/\/serviskomunalni.cz\/index.php?rest_route=\/wp\/v2\/pages"}],"about":[{"href":"https:\/\/serviskomunalni.cz\/index.php?rest_route=\/wp\/v2\/types\/page"}],"author":[{"embeddable":true,"href":"https:\/\/serviskomunalni.cz\/index.php?rest_route=\/wp\/v2\/users\/1"}],"replies":[{"embeddable":true,"href":"https:\/\/serviskomunalni.cz\/index.php?rest_route=%2Fwp%2Fv2%2Fcomments&post=41"}],"version-history":[{"count":21,"href":"https:\/\/serviskomunalni.cz\/index.php?rest_route=\/wp\/v2\/pages\/41\/revisions"}],"predecessor-version":[{"id":20691,"href":"https:\/\/serviskomunalni.cz\/index.php?rest_route=\/wp\/v2\/pages\/41\/revisions\/20691"}],"wp:attachment":[{"href":"https:\/\/serviskomunalni.cz\/index.php?rest_route=%2Fwp%2Fv2%2Fmedia&parent=41"}],"curies":[{"name":"wp","href":"https:\/\/api.w.org\/{rel}","templated":true}]}}