

{"id":2890,"date":"2020-09-29T17:29:05","date_gmt":"2020-09-29T16:29:05","guid":{"rendered":"http:\/\/serviskomunalni.cz\/?page_id=2890"},"modified":"2021-09-21T11:43:00","modified_gmt":"2021-09-21T10:43:00","slug":"nabidka-prace","status":"publish","type":"page","link":"https:\/\/serviskomunalni.cz\/?page_id=2890","title":{"rendered":"Nab\u00eddka pr\u00e1ce"},"content":{"rendered":"\n<p style=\"text-align:center\" class=\"has-background has-huge-font-size has-light-green-cyan-background-color\"><strong>Vykl\u00edzen\u00ed, pomocn\u00e9 pr\u00e1ce <\/strong><\/p>\n\n\n\n<p style=\"text-align:center\">Popt\u00e1v\u00e1m brig\u00e1dn\u00edky na vykl\u00edzen\u00ed byt\u016f, sklep\u016f, gar\u00e1\u017e\u00ed.  <br>plat: <strong>100K\u010d\/hodinu<\/strong>.  <\/p>\n\n\n\n<p style=\"text-align:center\">Popt\u00e1v\u00e1m brig\u00e1dn\u00edky na zimn\u00ed pr\u00e1ce &#8211; \u00faklid sn\u011bhu <br>plat: <strong>150K\u010d\/hodinu.<\/strong> <\/p>\n\n\n\n<p style=\"text-align:center\">Popt\u00e1v\u00e1m brig\u00e1dn\u00edky na sek\u00e1n\u00ed tr\u00e1vy a venkovn\u00ed \u00fadr\u017ebu &#8211; st\u0159ih\u00e1n\u00ed plot\u016f, \u00fapravy ter\u00e9nu, na\u0159ez\u00e1n\u00ed palivov\u00e9ho d\u0159\u00edv\u00ed, ostatn\u00ed pomocn\u00e9 pr\u00e1ce. <br>plat: <strong>100K\u010d\/hodinu.<\/strong> <\/p>\n\n\n\n<p style=\"text-align:center\"> Pen\u00edze budou vypl\u00e1ceny ihned po ukon\u010den\u00ed pr\u00e1ce v dan\u00e9m dni.<\/p>\n\n\n\n<p>Z\u00e1jemci volejte: <strong>602504964<\/strong><\/p>\n\n\n\n<p><\/p>\n","protected":false},"excerpt":{"rendered":"<p>Vykl\u00edzen\u00ed, pomocn\u00e9 pr\u00e1ce Popt\u00e1v\u00e1m brig\u00e1dn\u00edky na vykl\u00edzen\u00ed byt\u016f, sklep\u016f, gar\u00e1\u017e\u00ed. plat: 100K\u010d\/hodinu. Popt\u00e1v\u00e1m brig\u00e1dn\u00edky na zimn\u00ed pr\u00e1ce &#8211; \u00faklid sn\u011bhu plat: 150K\u010d\/hodinu. Popt\u00e1v\u00e1m brig\u00e1dn\u00edky na sek\u00e1n\u00ed tr\u00e1vy a venkovn\u00ed \u00fadr\u017ebu &#8211; st\u0159ih\u00e1n\u00ed plot\u016f, \u00fapravy ter\u00e9nu, na\u0159ez\u00e1n\u00ed palivov\u00e9ho d\u0159\u00edv\u00ed, ostatn\u00ed pomocn\u00e9 pr\u00e1ce. plat: 100K\u010d\/hodinu. Pen\u00edze budou vypl\u00e1ceny ihned po ukon\u010den\u00ed pr\u00e1ce v dan\u00e9m dni. Z\u00e1jemci volejte: &hellip;<br \/><a href=\"https:\/\/serviskomunalni.cz\/?page_id=2890\" class=\"more-link pen_button pen_element_default pen_icon_arrow_double\">Pokra\u010dovat ve\u00a0\u010dten\u00ed <span class=\"screen-reader-text\">Nab\u00eddka pr\u00e1ce<\/span><\/a><\/p>\n","protected":false},"author":1,"featured_media":0,"parent":0,"menu_order":0,"comment_status":"closed","ping_status":"closed","template":"","meta":{"footnotes":""},"class_list":["post-2890","page","type-page","status-publish","hentry"],"_links":{"self":[{"href":"https:\/\/serviskomunalni.cz\/index.php?rest_route=\/wp\/v2\/pages\/2890","targetHints":{"allow":["GET"]}}],"collection":[{"href":"https:\/\/serviskomunalni.cz\/index.php?rest_route=\/wp\/v2\/pages"}],"about":[{"href":"https:\/\/serviskomunalni.cz\/index.php?rest_route=\/wp\/v2\/types\/page"}],"author":[{"embeddable":true,"href":"https:\/\/serviskomunalni.cz\/index.php?rest_route=\/wp\/v2\/users\/1"}],"replies":[{"embeddable":true,"href":"https:\/\/serviskomunalni.cz\/index.php?rest_route=%2Fwp%2Fv2%2Fcomments&post=2890"}],"version-history":[{"count":5,"href":"https:\/\/serviskomunalni.cz\/index.php?rest_route=\/wp\/v2\/pages\/2890\/revisions"}],"predecessor-version":[{"id":3442,"href":"https:\/\/serviskomunalni.cz\/index.php?rest_route=\/wp\/v2\/pages\/2890\/revisions\/3442"}],"wp:attachment":[{"href":"https:\/\/serviskomunalni.cz\/index.php?rest_route=%2Fwp%2Fv2%2Fmedia&parent=2890"}],"curies":[{"name":"wp","href":"https:\/\/api.w.org\/{rel}","templated":true}]}}