

{"id":20619,"date":"2026-01-06T18:48:28","date_gmt":"2026-01-06T17:48:28","guid":{"rendered":"https:\/\/serviskomunalni.cz\/?page_id=20619"},"modified":"2026-01-10T15:22:35","modified_gmt":"2026-01-10T14:22:35","slug":"komplexni-udrzba-firemnich-arealu","status":"publish","type":"page","link":"https:\/\/serviskomunalni.cz\/?page_id=20619","title":{"rendered":"Komplexn\u00ed \u00fadr\u017eba firemn\u00edch are\u00e1l\u016f"},"content":{"rendered":"\n<p style=\"font-size:17px\">Pro firemn\u00ed klientelu nab\u00edz\u00edme komplexn\u00ed celoro\u010dn\u00ed \u00fadr\u017ebu pozemk\u016f a budov:<\/p>\n\n\n\n<p style=\"font-size:17px\">Letn\u00ed \u00fadr\u017eba<\/p>\n\n\n\n<ul class=\"wp-block-list\">\n<li style=\"font-size:17px\">sek\u00e1n\u00ed tr\u00e1vy<\/li>\n\n\n\n<li style=\"font-size:17px\">o\u0159ezy d\u0159evin<\/li>\n\n\n\n<li style=\"font-size:17px\">\u00fadr\u017eba \u017eiv\u00fdch plot\u016f<\/li>\n\n\n\n<li style=\"font-size:17px\">k\u00e1cen\u00ed d\u0159evin<\/li>\n\n\n\n<li style=\"font-size:17px\">\u00fadr\u017eba tr\u00e1vn\u00edk\u016f<\/li>\n\n\n\n<li style=\"font-size:17px\">srovn\u00e1n\u00ed ter\u00e9n\u016f<\/li>\n\n\n\n<li style=\"font-size:17px\">p\u0159esun zeminy, odvoz, dovoz<\/li>\n\n\n\n<li style=\"font-size:17px\">odstran\u011bn\u00ed n\u00e1letov\u00fdch d\u0159evin<\/li>\n\n\n\n<li style=\"font-size:17px\">v\u00fdsadba d\u0159evin<\/li>\n\n\n\n<li style=\"font-size:17px\">post\u0159iky proti \u0161k\u016fdc\u016fm a plevel\u016fm<\/li>\n\n\n\n<li style=\"font-size:17px\">odvozy biologicky rozlo\u017eiteln\u00fdch odpad\u016f<\/li>\n<\/ul>\n\n\n\n<p style=\"font-size:17px\">Zimn\u00ed \u00fadr\u017eba<\/p>\n\n\n\n<ul class=\"wp-block-list\">\n<li style=\"font-size:17px\">shrnov\u00e1n\u00ed sn\u011bhu<\/li>\n\n\n\n<li style=\"font-size:17px\">aplikace posypov\u00fdch sm\u011bs\u00ed<\/li>\n\n\n\n<li style=\"font-size:17px\">nakl\u00e1d\u00e1n\u00ed a odvoz sn\u011bhu<\/li>\n<\/ul>\n\n\n\n<p style=\"font-size:17px\">Celoro\u010dn\u011b<\/p>\n\n\n\n<ul class=\"wp-block-list\">\n<li style=\"font-size:17px\">odvoz firemn\u00edho odpadu<\/li>\n\n\n\n<li style=\"font-size:17px\">vykl\u00edzen\u00ed budov<\/li>\n\n\n\n<li style=\"font-size:17px\">kontrola technick\u00e9ho stavu budov<\/li>\n\n\n\n<li style=\"font-size:17px\">\u010di\u0161t\u011bn\u00ed svod\u016f<\/li>\n\n\n\n<li style=\"font-size:17px\">\u010di\u0161t\u011bn\u00ed okap\u016f<\/li>\n\n\n\n<li style=\"font-size:17px\">kontrola j\u00edmek<\/li>\n<\/ul>\n\n\n\n<p><\/p>\n\n\n\n<p><\/p>\n","protected":false},"excerpt":{"rendered":"<p>Pro firemn\u00ed klientelu nab\u00edz\u00edme komplexn\u00ed celoro\u010dn\u00ed \u00fadr\u017ebu pozemk\u016f a budov: Letn\u00ed \u00fadr\u017eba Zimn\u00ed \u00fadr\u017eba Celoro\u010dn\u011b<\/p>\n","protected":false},"author":1,"featured_media":0,"parent":0,"menu_order":0,"comment_status":"closed","ping_status":"closed","template":"","meta":{"footnotes":""},"class_list":["post-20619","page","type-page","status-publish","hentry"],"_links":{"self":[{"href":"https:\/\/serviskomunalni.cz\/index.php?rest_route=\/wp\/v2\/pages\/20619","targetHints":{"allow":["GET"]}}],"collection":[{"href":"https:\/\/serviskomunalni.cz\/index.php?rest_route=\/wp\/v2\/pages"}],"about":[{"href":"https:\/\/serviskomunalni.cz\/index.php?rest_route=\/wp\/v2\/types\/page"}],"author":[{"embeddable":true,"href":"https:\/\/serviskomunalni.cz\/index.php?rest_route=\/wp\/v2\/users\/1"}],"replies":[{"embeddable":true,"href":"https:\/\/serviskomunalni.cz\/index.php?rest_route=%2Fwp%2Fv2%2Fcomments&post=20619"}],"version-history":[{"count":4,"href":"https:\/\/serviskomunalni.cz\/index.php?rest_route=\/wp\/v2\/pages\/20619\/revisions"}],"predecessor-version":[{"id":20656,"href":"https:\/\/serviskomunalni.cz\/index.php?rest_route=\/wp\/v2\/pages\/20619\/revisions\/20656"}],"wp:attachment":[{"href":"https:\/\/serviskomunalni.cz\/index.php?rest_route=%2Fwp%2Fv2%2Fmedia&parent=20619"}],"curies":[{"name":"wp","href":"https:\/\/api.w.org\/{rel}","templated":true}]}}